5 - 4*s**2 - 3*s. Determine j(-6).
-6
Let k = 35 + -25. Let q = 1 - -2. Suppose -b + 4*b - 2*p - k = 0, q*p = -3*b. Let y(r) = -r - 1. Calculate y(b).
-3
Suppose -2*h + 3 = -1. Let t(w) = -h*w**2 + w**3 + 3*w**2 - 4*w**2 + 6*w - 5*w. Let j(k) = k - 4. Let o be j(7). Give t(o).
3
Let i(a) = 2*a**3 + 12*a**2 - 2*a - 7. Let v = -13 - -16. Let s(d) = d**3 + d**2 - d - 1. Let r(m) = v*s(m) - i(m). Determine r(9).
-5
Let o be (-2 - 2) + -1 + 2. Let a be 1 - 1 - 12/(-12). Let d(m) = -m + 5*m**2 - m - 9*m**2 + 0*m**3 - m**3 + a. Give d(o).
-2
Let b(z) be the third derivative of -5*z**4/24 + z**3/3 - z**2. Let r = -2888 + 2890. Determine b(r).
-8
Let h(d) = 11*d - 21. Let w(i) = 10*i - 17. Let o(a) = 8*h(a) - 9*w(a). Calculate o(8).
-31
Let v = 370 - 365. Suppose o = -5*i + 21, -5*o + 9*i - 45 = 4*i. Let t(c) = 2*c - 8. Let b(y) = 2*y - 7. Let q(j) = o*t(j) + 5*b(j). Calculate q(v).
7
Let x(c) = -c + 1. Let t(n) = -5*n + 13. Let z be t(3). Let v be (-1)/(z + (-2 - -3)). Let j be 11*v + 17 + -20. Calculate x(j).
-7
Let p(t) = -t**2 + 6*t + 4. Let z(i) = i**3 - 36*i**2 + 34*i + 40. Let c be z(35). Calculate p(c).
9
Let a(d) = 2*d - 16. Let w be 1*-2*(9 + -10). What is a(w)?
-12
Let u(r) = 0*r**3 + 1 - 4*r**2 + 4*r**2 - 6*r**2 - 6*r**3 + 4*r**2. Let j(c) = -c**2 - 7*c - 5. Let z be j(-6). Calculate u(z).
-7
Let k(m) = 6*m + 12*m - 14*m - m**2 + 2. Let c(v) = -v**2 - 4*v. Let u be c(-4). Suppose u*q + 9 = 3*q. Calculate k(q).
5
Let s(v) = v**2 - 31. Let b be s(-5). Let j(z) = -8*z**2 + 7*z - 1. Let q(h) = 23*h**2 - 20*h + 3. Let k(m) = b*q(m) - 17*j(m). Calculate k(2).
-7
Let f(d) = -2*d - 5. Let k = -6 + 0. Let j be (-4)/k + (-44)/12. Let r be j + (0 - 4)/4. Give f(r).
3
Let f(a) = -a - 7. Let j(h) = h + 8. Let l(p) = 2*f(p) + 3*j(p). Give l(-7).
3
Let f(p) = p**2 + 4*p + 5. Let g(m) = -3*m**2 + 13*m + 1. Let t be g(4). Suppose l = -4*u + 1 + 6, -4*l + t*u - 35 = 0. Give f(l).
10
Let m(k) be the third derivative of 1/120*k**6 + 9*k**2 + 0 + 0*k - 1/20*k**5 + 0*k**3 - 7/24*k**4. Give m(5).
15
Let c(l) = l + 5. Let b(i) = 7 + 14 + 14*i + 7 - i**2. Let t be b(16). Determine c(t).
1
Let j(h) = -h**3 - h**2 - 5. Let d be j(0). Let p be (-2 - -2)*d/(-10) + -6. Let x(l) = l**2 + 5*l - 2. Determine x(p).
4
Let f = 646 - 644. Let z(j) be the first derivative of -5*j**3/3 + j**2 + j + 1. Determine z(f).
-15
Suppose -2*q + 12 = 6. Let p(n) = -n**q - 9 + 438*n**2 - 430*n**2 - 2*n - 5*n. Suppose 3*v + 0*v = 21. Calculate p(v).
-9
Let b(z) = -z**3 - 2*z**2 + 2*z - 1. Let h(u) = -u**2 + 12*u + 47. Suppose 7*l - 2*l - 2*p = 77, 14 = l + p. Let w be h(l). Determine b(w).
-13
Let m(w) = 11 + 363*w**3 - 183*w**3 - 181*w**3 - 9*w + 7*w**2. What is m(5)?
16
Let a(m) = -5*m**3 + 9*m**2 + 3. Let f(c) = 6*c**3 - 10*c**2 + c - 4. Let z(x) = -5*a(x) - 4*f(x). What is z(6)?
13
Suppose 3*y - 29 = -4*c - 10, -c - 4 = -y. Let r(l) = 28*l - 1. Give r(c).
27
Let y(d) be the first derivative of d**3/3 - d**2 + d - 13. Give y(2).
1
Let g(k) = -2*k - 2. Suppose -3*q - 5*z - 10 = -2*q, -4*q - 3*z + 11 = 0. Let r(h) = -9*h + 43. Let a be r(q). Determine g(a).
2
Let f(d) = d**3 + 4*d**2 - 3. Let y = -22 + 35. Suppose 4*s = i - s + 13, 5*i + s + y = 0. Determine f(i).
6
Let y(i) = i - 4. Let m be y(3). Let t be 5/(-15)*m*21. Let k(j) = -j**2 + 6*j + 8. Determine k(t).
1
Let k(r) = -r**3 - r**2 + 3*r - 1. Let d be k(2). Let g(c) be the third derivative of -c**6/120 - 2*c**5/15 - c**4/4 + 5*c**3/6 + c**2. Calculate g(d).
-2
Suppose -2*t - 5*c = -25 + 1, t = -5*c + 7. Let l(y) = y - 19. Calculate l(t).
-2
Let b(z) = 6*z**2 - 3 + 163*z - 3*z**2 + 5*z**2 - 159*z - 4*z**2. Determine b(2).
21
Suppose -13*b = -11*b + 18. Let n be (12/(-9) - -1)*(3 + b). Let q(k) = k**3 - 1. Determine q(n).
7
Let g = 22 + -22. Let j(m) be the first derivative of -7*m + g + 5 - m**2 + 4*m + 0*m**2. What is j(-2)?
1
Suppose 0*c = 8*c - 48. Let b(h) be the second derivative of -h**5/20 + 5*h**4/12 + 4*h**3/3 - 5*h**2/2 - 2*h. What is b(c)?
7
Let b(h) = h + 8. Let w = 81 - 46. Let z = w - 39. Give b(z).
4
Let q(o) be the first derivative of -o**3/3 + 7*o**2/2 - 100. Calculate q(5).
10
Let a(b) = 5*b**3 - 3*b**2 + b + 2. Suppose 8 = 9*k - 10. Give a(k).
32
Let j(b) = -b**2 + 7. Let s(n) = n**3 + 6*n**2 + 3*n + 4. Let r be s(-5). Let w = -2 + r. Let k = w - 12. Determine j(k).
7
Let x(m) = 2*m + 1. Let k be x(2). Suppose k*r = -0*r. Suppose -v = -r*v - 4. Let t(s) = -3*s + 2. Give t(v).
-10
Let s(m) = m**2 + 5*m + 11. Suppose 93 = -6*c + 69. Determine s(c).
7
Let z(n) = 0 - n + 9 + 0*n. Let q(u) = -u + 11. Let b be q(-13). Let k = -24 + b. Determine z(k).
9
Let r(c) = -5 - 2 + 1 + 52*c - 53*c. Let z(b) = -b**3 - 14*b**2 - b - 19. Let v be z(-14). Calculate r(v).
-1
Let t(g) = 3*g**3 - 13*g**2 + 15*g - 17. Let v(d) = -7*d**3 + 25*d**2 - 30*d + 35. Let m(n) = 5*t(n) + 2*v(n). Give m(14).
-1
Let a = -106 - -101. Let s(v) be the third derivative of v**6/360 + v**5/20 - v**4/12 + v**3/3 + 3*v**2. Let o(n) be the first derivative of s(n). What is o(a)?
-7
Let m = -21 + 22. Let k(r) = -2*r**2 - r**2 - 2*r + 2*r**2 - 3*r - m. Calculate k(-3).
5
Let k(a) be the first derivative of a**3/6 - a**2 - 13*a + 5. Let b(u) be the first derivative of k(u). What is b(0)?
-2
Let d(a) = -a + 3. Suppose 65 = -5*v + 120. Calculate d(v).
-8
Suppose -3*q = -3*l + 60, -l + 0*q + 2*q = -17. Let k(r) = l - r - 25 - 2*r - r**2. Determine k(-3).
-2
Let l(i) be the third derivative of i**4/24 - i**3 + 53*i**2. Give l(0).
-6
Let v(s) = 7*s**2 - s + 1. Let k = 86 + -85. What is v(k)?
7
Let c(u) = -2 - 10 + 26 + 2*u - 9. Determine c(-5).
-5
Let b(y) = 2*y + 4*y**3 - 3*y + 3*y**3 - 6*y**3 + y**2 + 0*y**2. Give b(-2).
-2
Let a(b) = -2*b**3 - 4*b**2 - 2*b. Let y be a(-2). Let t(r) = -349*r - 368*r + 715*r + 1. Determine t(y).
-7
Let z(j) = -j + 16. Let g = -90 - -104. Calculate z(g).
2
Let n be 2/(-4) + (-1)/2. Let c(u) = 6*u**3 - 157 + 158 + 0*u**3 + 2*u. Determine c(n).
-7
Let g(m) be the first derivative of 2*m**2 - 16 + 2*m - 1/3*m**3. Give g(4).
2
Let d(s) = -3*s - 4. Suppose -v = 5*p + 30, v + 9 = -3*p + p. Let i(u) = -u**3 - 9*u**2 - 17*u - 24. Let m be i(p). Determine d(m).
5
Suppose -3*c = 134 - 140. Let x(n) be the first derivative of -2*n - 4 + 1/3*n**3 - c*n**2. Calculate x(4).
-2
Let d be (-1 + (-1)/(-3))/((-20)/60). Suppose -4*p - 3 = 3*w, -w - 2*p + 1 = d. Let j(n) = -2*n**3 - n**2 - n. What is j(w)?
2
Let f(s) be the second derivative of 2*s**2 - 1/3*s**3 + 0 - 4*s. Suppose -5*c = 3*v - 10, -5*v + 2*c = c - 26. Determine f(v).
-6
Let d(b) = -37*b - 124. Let r(j) = -13*j - 42. Let o(t) = -6*d(t) + 17*r(t). Determine o(-17).
13
Let x(i) = -9*i**2 + 1 + i + 4*i - 4*i. Let m be 2*4/(-56)*7. Determine x(m).
-9
Let u(x) = x**2 - 7*x + 17. Suppose 4*p = 0, j - 1 = 5*p + 6. Calculate u(j).
17
Let j be 4*(4/(-14) + (-27)/(-21)). Let m(d) = -d**2 + 5*d - 8. Give m(j).
-4
Let v(g) = -g**2 + 2*g. Let p = -3 + 0. Suppose -s + 10 = -2*x, -5*s - 9*x + 13*x + 50 = 0. Let k be (4/s)/(p/(-15)). Calculate v(k).
0
Let c(k) = -k**3 - 6*k**2 + 11*k + 8. Suppose 20*y - 16*y = -28. What is c(y)?
-20
Suppose 2*f = 4*w - 20 + 22, 2*w = 3*f + 9. Let j(n) be the second derivative of n**5/20 + 5*n**4/12 + n**3/6 + n**2/2 - n. Calculate j(f).
-4
Let y(f) = 31*f - 25. Let p(l) = 45*l - 37. Let q(s) = -5*p(s) + 7*y(s). Calculate q(6).
-38
Suppose -v = -m - 3, -11 = -4*v - 0*v + 3*m. Let l(k) = -k - 136 + v*k + 129. What is l(-6)?
-13
Let b(n) = 84*n + 3 + 137*n - 220*n + 2*n**2 + n**3 + 5*n**2. Let f = 5 + -12. Determine b(f).
-4
Suppose 0*l + 3*l - 15 = 0. Suppose 2*r + k - 18 = 0, 0 = l*r - 3*k + 5*k - 43. Let f(j) = -7 + 6 + 6 - j + 5. Determine f(r).
3
Let y be ((-2)/(-6))/((0 + 4)/84). Let m(v) = -v + 7. Calculate m(y).
0
Let v be (-3)/((-18)/23) - 42/(-252). Let r be 3/(-9) - 2/(-6). Let f(a) = a - 1 + r + 10 - v. Determine f(-4).
1
Let g(m) be the third derivative of -11*m**7/5040 + m**6/360 + 17*m**5/20 + 25*m**2 + m. Let i(n) be the third derivative of g(n). Give i(2).
-20
Let t(s) = -8*s + 5. Let h(f) = 11*f**2 - 2*f + 3. Let p be h(0). Give t(p).
-19
Let t(p) be the first derivative of 3*p**2 - 1/12*p**4 + 7*p - 2 - 5/6*p**3. Let c(b) be the first derivative of t(b). What is c(-5)?
6
Let l(w) = 2 + 0*w - 3 + 2*w. Let g(b) = -2*b**2 - b + 1. Let a be g(-2). Let 